3. Determine p(t).
-27
Let o(f) be the third derivative of f**5/30 + f**4/12 + 2*f**3/3 + 2245*f**2. Let r = -14 + 12. Determine o(r).
8
Let k(i) = -2*i - 2. Let f be k(2). Let d(m) = -12168*m + 4049*m - 12 + 4059*m - m**2 + 4054*m. What is d(f)?
-12
Let s(n) = 2*n**3 + 3*n**2 + 2*n + 1. Let x be (26 + -5 + -3)*2. Let w be (x/30)/(9/60). Suppose 0 = -6*y + w - 20. What is s(y)?
-7
Let s be (-3)/((-6)/(-26)) + -7. Let l be -4 + (s/24 - (-37)/(-6)). Let p(a) = -a**3 - 12*a**2 - 11*a + 2. Give p(l).
2
Suppose -2*f - 175 = -165, -3*w + 3*f = 63. Let z(x) = 4*x**3 + 105*x**2 + 25*x - 27. Determine z(w).
-1
Let h(t) = 4*t**2 - 21*t - 11. Suppose 106*c + 16 = 104*c. Let m(v) = 6*v**2 - 32*v - 17. Let a(b) = c*h(b) + 5*m(b). Give a(6).
-21
Let h(w) be the second derivative of w**4/12 - 3*w**3/2 + 7*w**2/2 - 14*w - 6. Let c = -86 - -36. Let j be (-2)/8 + c/(-8). What is h(j)?
-11
Suppose g = -p + 13, -5*g + 38 = 3*p - g. Suppose 269*w - p = 276*w. Let y(s) = s**2 + 4*s - 1. Determine y(w).
-5
Suppose 18 = 5*q + r - 61, 4*r + 4 = 0. Let m(v) = -5 + 5*v - 8*v**2 - 4*v**2 + 11*v**2 - q*v. Give m(-11).
-5
Suppose -2*p + 30 = -p - 5*f, 5*p - 4*f - 87 = 0. Let r(i) = -18*i + 13 + i**3 + 34*i - i**2 - p*i. Calculate r(0).
13
Let m(f) = -f**2 + 11*f - 17. Let a be (70/7 - 11)/1 - -7*2. Give m(a).
-43
Let a(p) = -p**3 - 7*p**2 - 7*p - 9. Suppose 9 = -d + 15. Let i be (-4 + (-14)/(-7))/(2/d). Give a(i).
-3
Let b(w) be the third derivative of -1/120*w**6 - 11/24*w**4 - 11/60*w**5 + 308*w**2 - w**3 + 0*w + 0. Calculate b(-10).
4
Let f(s) = -16*s + 49. Let c be f(2). Let m(i) = -15 - c + 55 + i - 21. Let a be 2 + -2*(3 + 1). Determine m(a).
-4
Let t(f) = -24*f - 12. Let q(z) be the second derivative of -z**3/3 - z**2/2 - 4*z. Let g(k) = -22*q(k) + 2*t(k). What is g(-2)?
6
Let x be 2/(-5) - ((-24)/60 + 3). Let h(w) = 8. Let y(q) = -2*q - 25. Let n(d) = x*h(d) - y(d). Suppose 3*z + 5 = 2. Determine n(z).
-1
Let s be ((-41)/132 + 42/693)/(2/(-16)). Let f(c) = 4*c**3 - 2. Determine f(s).
30
Let v(h) = h**3 - 7*h**2 + 4*h - 9. Suppose 21*o + 8 = 17*o, -3*w - 5*o = -8. Give v(w).
-21
Suppose 5 = 2*q - r, 4*q + 2*r = -q + 26. Let o(p) = -34023 - 5*p - 3*p**2 + p**3 + 34028 - 2*p. Determine o(q).
-7
Let v be 14/21 - 16/6. Let f(c) = 2*c. Let q(i) = -5*i + 2. Suppose 0 = -4*b + 4, 10*u + 23 = 5*u + 3*b. Let l(g) = u*f(g) + v*q(g). Calculate l(5).
6
Let f(b) = b - 2. Let d = -456 + 198. Let m = d + 257. What is f(m)?
-3
Let r be (13456/(-224))/29 - (-2)/28. Let a(s) = 21*s + 20. Give a(r).
-22
Let q be 4/(-12) - 3/9*-340. Let s = q - 114. Let t(f) = 11*f. Determine t(s).
-11
Let k(c) = 88*c + 5316. Let g be k(-60). Let f(s) be the second derivative of 1/3*s**3 + 1/20*s**5 + 0 + 7/2*s**2 - 1/2*s**4 - g*s. Give f(5).
-8
Let w(r) = -r + 7. Let q be w(3). Suppose 0 = -q*p - l + 8, p - 4*l = -2*l + 11. Let i(n) = 8*n**3 - 8*n**2 + 6*n**p + 6*n**3 + n + 6 - 21*n**3. Give i(-8).
-2
Let f(z) = 51*z - 665. Let y be f(13). Let w(c) = 23*c**2 + 4*c + 1. Give w(y).
85
Suppose 19*g = 15*g + 8. Let y(o) = 2*o**3 + 3*o**2 - 2. Determine y(g).
26
Let z be (-3)/48*2 + (-125)/(-40). Let o(r) = r**z - 33*r - r**2 + 33*r + 7 - 6. Calculate o(0).
1
Let p = 236 + -121. Let g = p - 111. Let b(k) = -5 + 3*k**2 + 2 - k**3 + 5*k - 3. Determine b(g).
-2
Suppose -4*v + 48 = -f + 42, -4*f + 36 = -v. Let q(c) = 21*c - 194. What is q(f)?
16
Let i(g) = -487*g + 14. Let r(l) = 406*l - 13. Let x(z) = -5*i(z) - 6*r(z). Suppose -8 = j - 0. Calculate x(j).
16
Let t(y) = -14 + 27 - 6 + 2*y - 4. Let f(a) = 3*a + 6. Let j(i) = -4*f(i) + 4*t(i). Give j(-8).
20
Let h(i) be the first derivative of -i**3/3 - 3*i**2/2 + 3*i + 1258. Let c = 63 - 67. Calculate h(c).
-1
Let g(k) be the second derivative of k**3/3 + 37*k. Let t = 9 + -10. Let y = 0 + t. What is g(y)?
-2
Let a be (8 - 1 - 11)/(1 - 2). Let g(b) = -10*b**2 - 3*b - 1. Let x(f) = 2*f**2 + f. Let c(j) = a*x(j) + g(j). What is c(3)?
-16
Let c(s) be the second derivative of s**3/3 + 3*s**2/2 - 2*s. Suppose 5*n = 2*n - 21. Let w = -4 - n. What is c(w)?
9
Let s(t) = t**2 + 8*t + 6. Let o be -3 + -1 + 0 + -4 + 4. Let r be ((-2)/o)/((-27)/162). Let a be (-3)/8 + -30*r/(-16). Determine s(a).
-6
Let q = -8624 + 8601. Let a(m) = -12*m - 277. Determine a(q).
-1
Let f(m) be the first derivative of -m**4/4 - 2*m**3/3 + 4*m**2 + 4*m - 1. Let b = -31019 + 31015. Determine f(b).
4
Let o(w) = 2*w**3 - 15*w**2 + 11*w - 6. Let x(i) = -5*i**3 + 37*i**2 - 20*i + 13. Let d(z) = -7*o(z) - 3*x(z). What is d(7)?
-67
Let q = 1655 + -1653. Let v(x) = -4*x + 2. Let m(f) = f. Let k(j) = -3*m(j) - v(j). Let i be k(q). Let u(n) = -n**2 + n - 4. Calculate u(i).
-4
Let s(g) = -22*g**2 + 2 + 45*g**2 - 8*g - 3*g - 15*g**2 - 12*g. Calculate s(3).
5
Let u be (-41)/(1845/(-18))*-5. Let a(m) = 11*m - 33. What is a(u)?
-55
Let r(o) = 5*o - 4*o + 2 - 5. Let t be (6/(-5))/(12*(-4)/320). Suppose -2*f = -3*k + 10, -3*f + t*f + 25 = 5*k. What is r(k)?
-3
Let x = 484 - 481. Suppose -3*h + 2*w + w - 6 = 0, -9 = x*w. Let b(n) = -2*n**2 - 4*n + 4. Give b(h).
-26
Let m(t) be the second derivative of -t**3/3 + 57*t**2/2 - 190*t. Give m(28).
1
Suppose 266 = 9*m + 131. Let f(u) be the third derivative of 0*u + 0 + m*u**2 + 1/6*u**3 - 1/12*u**4. Give f(1).
-1
Let v(o) = -7*o**3 + 6*o**2 - 9*o - 5. Let s(k) = -11*k**3 + 10*k**2 - 14*k - 8. Suppose -8*q = 29 - 93. Let u(j) = q*v(j) - 5*s(j). Calculate u(-1).
1
Let j(w) = 6. Let q(p) = 5. Let t(h) = 4*j(h) - 5*q(h). Let z(b) = b**3 + 11*b**2 + 10*b + 18. Let g(i) = 6*t(i) + z(i). Give g(-10).
12
Let g(u) = 5*u**3 - 82*u**2 + 5*u + 29. Let z(p) = -4*p**3 + 60*p**2 - 4*p - 28. Let d(k) = 3*g(k) + 4*z(k). What is d(-6)?
-19
Let c(x) = x - 5. Let i(m) = 2*m**3 + 32*m**2 + 30*m + 10. Let l(y) = -13*y**3 - 2. Let q be l(1). Let d be i(q). Give c(d).
5
Let w be 212/(-4)*-1 + (-1 - 2). Suppose i + w + 44 = 3*j, 0 = 2*j + 5*i - 57. Suppose -2 = -2*b, 5*x + 2*b = b + j. Let c(l) = -l**2 + 6*l - 4. Determine c(x).
-4
Let g(m) = 7*m + 18. Let d(k) = -2*k. Let j be (2/(-4))/((-1)/(-2)). Let w(x) = j*g(x) - 3*d(x). Determine w(-11).
-7
Suppose -s - 6 = -0*s. Suppose 0 = 18*u + 4*u + 176. Let y(f) = 7*f + 10. Let p(g) = 19*g + 29. Let j(w) = u*y(w) + 3*p(w). Give j(s).
1
Let v be (-32)/(-96)*((1 - 1) + 24). Suppose 6*u - 16 - v = 0. Let h be -4 - (3 - u) - (1 - -1). Let b(n) = -3*n - 5. What is b(h)?
10
Let b(f) = f**2 + 11*f + 20. Let w be b(-9). Let k(y) = 46 - 88 - y - w*y + 33. Calculate k(-7).
12
Let m(l) be the second derivative of l**5/20 + 5*l**4/12 - 7*l**3/6 + 5*l**2/2 - 67*l + 2. Suppose 2*v - 277 = -289. Calculate m(v).
11
Let k(h) = -h**2 - 7*h + 9. Let u = -4541 - -4529. Determine k(u).
-51
Let z(h) = 21*h**3 + 2*h**2 + 2*h - 3. Let u(s) = 20*s**2 - 63*s + 10. Let r be u(3). Determine z(r).
22
Let z(v) be the first derivative of 3*v**2/2 + 2*v - 1126. Suppose 3*t + 0 - 6 = 0. Determine z(t).
8
Let p(a) = 5*a**3 - a**2 - a + 1. Suppose 4*o - 32 = 4*g, 4*o + 3*g = 18 + 14. Suppose -l + 2 + 11 = 3*u, -l + o = -2*u. Suppose 3*r + 7 = l. Determine p(r).
4
Let q(z) = 25*z - 44. Suppose -8*g + 7*g + 13*g = 72. Determine q(g).
106
Let k(s) = -s**3 - 6*s**2 - 8*s + 4. Let q(r) = r**3 + 28*r**2 - 30*r - 52. Let f be q(-29). Let a be 90/f - (-162)/(-1863). Calculate k(a).
4
Let o(a) be the first derivative of a**4/4 - 7*a**3/3 - 7*a**2/2 + a - 2899. Give o(8).
9
Let u(c) be the second derivative of 1/6*c**3 + 3/2*c**2 + 0 - 1/12*c**4 + 1/20*c**5 - 187*c. Give u(3).
24
Suppose 21 = 5*x - 24. Suppose -5*a - x = 1. Let f be a + 8 + -1 + -14. Let c(v) = v**2 + 8*v + 11. What is c(f)?
20
Let u(f) = -11*f + 16 + 25*f - 9*f. Let z(l) = l + 4. Let a = -16 - -14. Let r(i) = a*u(i) + 9*z(i). Give r(9).
-5
Let b(a) be the first derivative of a**4/4 - 5*a**3 - 15*a**2/2 - 23*a + 26. Suppose -4*f + 58 = -2*n, -4*f + n + 77 = f. Calculate b(f).
-7
Let x be (4 - (-7 - -7))*(-1)/(-1). Suppose 5*q - 4*v - 36 = -0*v, 0 = x*q + 2*v - 8. Let i(b) = -3*b + 4 - 4*b**2 + q - 16 + 4 - b**3. Determine i(-3).
-4
Let r = 2391 + -2385. Let k(v) = -v**3 + 3*v**2 + 21*v - 11. What is k(r)?
7
Let j(w) = -w**3 + 19*w**2 + 20*w + 43. Let x be ((-486)/189)/((-45)/350). Give j(x).
43
Let b(j) = -j**3 + 651*j**2 - 227*j**2 + 5*j + 63 - 217*j**2 - 220*j**2. What is b(-13)?
-2
Let b be (-6)/(-3) + -2 + 288/(-3)